1*t - 28 = -y*t. What is the greatest common factor of 14 and t?
7
Let o(h) = 3*h**2. Let j be o(1). Let i be (-1 - 2) + 4*6. What is the greatest common factor of i and j?
3
Let s(m) = -3*m + 0*m + m**2 - 2*m - 5 + 0*m. Let u be s(6). Calculate the highest common factor of u and 4.
1
Let j be 60/18*(0 - -30). What is the highest common divisor of j and 20?
20
Suppose -54 = -3*s - 5*p + 205, -3*p + 261 = 3*s. What is the greatest common divisor of 11 and s?
11
Let b(o) = 5*o**2 - 4*o. Let g be b(3). Calculate the greatest common factor of 264 and g.
33
Let s = -356 - -572. Suppose -3*o = -81 + 9. Calculate the greatest common factor of o and s.
24
Let o be 1/(0 - (3 + -2)). Let q be -6 + 34 - 1*o. Let t = q + 51. What is the greatest common factor of 20 and t?
20
Suppose 0 = -36*y + 41*y - 25. What is the highest common factor of y and 2?
1
Let v(d) = -2*d**3 - 5*d**2 + 3*d - 2. Let w be v(-4). Suppose 103 = u - o, 0 = -u + 3*o + w + 79. What is the highest common factor of u and 14?
14
Let l be 45/10*(-32)/(-3). Let j = 1 - -2. Suppose -l = -x - j*x. Calculate the greatest common factor of 132 and x.
12
Let m = 3 + 10. Suppose 0 = -3*c - a + 213, c = -3*a - m + 92. What is the highest common divisor of c and 14?
14
Let u(z) = 24 + 6 + 4*z - 5*z. Let w be u(0). Let t(p) = 13*p**2 + p. Let r be t(-1). Calculate the highest common divisor of w and r.
6
Let n(r) = r**2 + r + 4. Let b be n(4). Let w be 224/b - 2/(-3). Calculate the highest common divisor of w and 10.
10
Let o = 106 - 69. Suppose 0 = v - 100 + o. What is the highest common factor of v and 7?
7
Let b be ((-1)/2)/((-5)/50). What is the greatest common divisor of b and 5?
5
Let i = 30 - -3. Let o(m) = 5*m + 1. Let z be o(2). What is the greatest common factor of i and z?
11
Suppose -m + 2*a = -61, 4*m + 3*a - 168 - 54 = 0. Calculate the highest common factor of 38 and m.
19
Suppose -2*f = -x + 84, -4*x + 4*f - 384 = -8*x. Suppose 2*h = u - 20, -3*u + x = h + h. What is the highest common factor of 70 and u?
14
Let v(g) = g**3 + g**2 + g - 2. Let d be v(-2). Let i be (3 + 78/d)*-12. Calculate the greatest common divisor of 9 and i.
9
Let g(l) = l. Let t(q) = -5*q + 1. Let i(j) = -2*g(j) - t(j). Let v be i(6). Calculate the greatest common divisor of v and 34.
17
Let q = -16 + 10. Let a = q - -8. Suppose a*t - 129 = -5*x + 2*x, 0 = -t + 4*x + 48. What is the greatest common divisor of 24 and t?
12
Let u = -4 + 8. Let a = -20 - -20. Suppose a*h + 416 = u*h. Calculate the highest common divisor of 13 and h.
13
Let k = 16 + 8. Calculate the greatest common factor of 6 and k.
6
Suppose 73 - 28 = 3*j. Suppose -2*h + 156 = 5*p, 108 = -14*p + 18*p - 4*h. What is the highest common factor of j and p?
15
Let d = 116 - 36. What is the highest common divisor of d and 16?
16
Let j(c) = -2 - 5*c + 2*c**3 - 3*c**2 - 1 + 2*c. Let s be j(3). Let n = -29 + 44. What is the greatest common factor of s and n?
15
Let k = 79 + -32. What is the greatest common divisor of 141 and k?
47
Suppose -5*s + 249 + 51 = 0. Calculate the greatest common factor of s and 15.
15
Let x = -3 + 7. Let k be 32/6 - x/12. Suppose -l + k*l + 56 = 5*s, -5*l - 52 = -4*s. Calculate the greatest common factor of s and 4.
4
Suppose 4 = 4*p, 7*p = 2*u + 3*p. Let m be (8/(-20))/(u/(-40)). Calculate the greatest common divisor of m and 20.
4
Suppose t - 5*h - 55 = -0*t, 3*t - 154 = 4*h. Calculate the highest common factor of t and 10.
10
Let b(u) = -65*u**3 + u**2 + u + 1. Let r be b(-1). Let t = 32 - 10. Calculate the highest common factor of r and t.
22
Let j be 2/8 - 195/(-4). Let a(d) = -d**2 + 9*d - 1. Let s be a(8). Calculate the greatest common divisor of s and j.
7
Suppose 8 + 0 = -4*i. Let q(l) = -7*l - 20 + 3*l + 20. Let p be q(i). What is the highest common divisor of 64 and p?
8
Suppose -448 - 28 = -14*n. Calculate the highest common factor of n and 85.
17
Let h be ((-5814)/(-36))/(1/2). What is the highest common factor of 19 and h?
19
Suppose -306 = -9*h + 9. Calculate the highest common factor of h and 5.
5
Suppose -5*c - 4*g + 32 = -c, 5*c - 5*g - 40 = 0. Suppose 0 = -x + c - 1. Calculate the highest common factor of x and 1.
1
Let d = 11 + -1. Let z = d + -4. Calculate the greatest common divisor of z and 66.
6
Suppose -75 = u + 4*u. Let k = 20 + u. Calculate the highest common divisor of 5 and k.
5
Let j = 185 + -157. Calculate the highest common factor of 140 and j.
28
Let f(k) = -k**3 + 4*k**2 + 2*k + 2. Let h be f(4). Let r be (-1)/(-5) + (-998)/(-10). Calculate the highest common factor of r and h.
10
Let g = 10 + -6. Suppose -s + 2 + 7 = -p, s - 29 = -g*p. What is the greatest common factor of s and 65?
13
Suppose -2*m - 4*j = 0, -2*j - 20 = 3*j. Calculate the greatest common divisor of 8 and m.
8
Let p(h) = -h**3 - 8*h**2 - 7*h. Let s be p(-7). Let o be s + 3 + -6 + 5. Let i be (-33)/(-2)*o/3. What is the greatest common factor of 11 and i?
11
Let g(d) = d**2 + d + 64. Suppose 2*u = -3*t - 6, 2*u = 2*t + t - 6. Let a be g(t). Suppose -a = -5*m + m. Calculate the highest common divisor of m and 144.
16
Suppose 63 = y + 8*y. Suppose 3*b + 56 = 7*b. What is the highest common divisor of y and b?
7
Suppose -98 + 80 = -3*z. What is the highest common divisor of 9 and z?
3
Suppose -4*o + 17 = -3. Calculate the greatest common factor of 5 and o.
5
Let v(n) = 3*n**3 + n**2 + n - 1. Suppose 4*q = 4 - 0. Let i be v(q). Suppose 0 = w - 1 - 0. Calculate the greatest common factor of i and w.
1
Let q = -2 + 5. Suppose 8 = -m - 5*k + 18, m + 6 = q*k. Let x = m + 2. Calculate the greatest common divisor of 1 and x.
1
Let m(p) = 16*p**3 - p**2 - p - 2. Let k be m(2). What is the greatest common factor of k and 48?
24
Suppose 4*r - 33 = -1. Let c be (-7)/(-21) - (-1 + (-8)/3). What is the highest common factor of c and r?
4
Let n be 6/2*(-10)/(-6). Let a be 84/60 - (-4)/(-10). Calculate the greatest common divisor of n and a.
1
Let i(o) = -5*o + 10. Let l be i(-8). Calculate the greatest common divisor of l and 20.
10
Suppose 1 = -0*b + b - 5*q, 4*b - 4 = -2*q. Let u be 66 + (1 + b)/(-2). Calculate the greatest common divisor of u and 13.
13
Let d(b) = -b**3 + 7*b**2 + 9*b + 4. Let i be d(8). What is the greatest common factor of i and 36?
12
Suppose -q = -3*q + 252. Calculate the highest common divisor of q and 14.
14
Suppose -n + 2*o = -90, -n + 2*o + 250 = 2*n. Let i be (-30)/9*48/(-10). Calculate the greatest common factor of n and i.
16
Suppose 7*h = 6*h + 11. Calculate the greatest common factor of h and 121.
11
Let l(h) = -2*h + 5. Let w be l(-5). What is the highest common factor of 6 and w?
3
Let g(t) = 10*t**2 - 3*t + 5. Let c be g(2). What is the greatest common factor of c and 52?
13
Suppose -x = -5*x + 12. Suppose -12 = -x*j + 3*u, -2*u + 4 = j - u. What is the highest common divisor of j and 10?
2
Let b be -2 - (-2 + 0) - -4. Let p = -30 + 46. Let l = p + b. What is the greatest common divisor of 10 and l?
10
Let i be (-6 + 1)*16/(-10). Suppose -3*x - 3*d = 2*x - 6, 2 = -2*x + d. Suppose x = 2*c - 3*c + 20. Calculate the greatest common factor of c and i.
4
Let y(t) = -t + 1. Let s(d) = -5*d - 4. Let p(i) = -s(i) + 6*y(i). Let g be p(0). Calculate the greatest common divisor of g and 90.
10
Let v be (-5)/15*11*-3. What is the greatest common divisor of v and 99?
11
Let w(c) = -c**3 - c**2 + c + 1. Let y be w(-3). Let i be y*-14*1/(-2). Calculate the greatest common divisor of 14 and i.
14
Let d be ((-12)/10)/(12/(-280)). Let z = d + -20. Calculate the greatest common divisor of 56 and z.
8
Let a(l) = 7*l**2 - 2*l. Let k be a(-2). Calculate the greatest common divisor of k and 4.
4
Let t(v) = 2*v**2 - 17. Let k(a) = 3*a**2 - 35. Let g(s) = -3*k(s) + 5*t(s). Let b be g(0). What is the greatest common factor of b and 120?
20
Let c = -4 + 5. Let s = c + 1. Calculate the greatest common factor of s and 14.
2
Let l = 92 + -81. Calculate the highest common factor of l and 44.
11
Let f(u) = -2*u - 4. Let k be f(-4). Let n = -36 - -46. Calculate the greatest common divisor of n and k.
2
Let m(o) = o**3 - 6*o**2 - 9*o + 4. Let r be m(7). Let y be 2/5 + r/25. Let g be 10 - (y + 0)/(-1). What is the greatest common factor of 50 and g?
10
Let x(s) = -13*s + 1. Let f be x(-1). What is the highest common divisor of f and 14?
1